pose -g*s = 2*s - 60. Let u be 0 + 10 - (-39 + -41). What is the highest common divisor of u and s?
15
Let m = -1053 - -1058. Calculate the highest common factor of m and 17.
1
Let v(j) = 18*j + 18. Let f be v(3). What is the greatest common divisor of f and 9?
9
Let w(c) = 8*c - 78. Let o be w(12). Suppose 0 = -2*g + o + 90. Calculate the highest common divisor of 594 and g.
54
Suppose -825 = -5*u - 0*u + w, -4*w - 348 = -2*u. Suppose 0 = -2*f - 3*y + u, 163 = 3*f + 3*y - 77. Calculate the highest common factor of 4 and f.
4
Suppose -22*y + 10*y - 264 = 0. Let l = y - -70. What is the greatest common divisor of 120 and l?
24
Let g = -92 - -99. Calculate the highest common factor of g and 889.
7
Suppose 25*i + 4778 - 13778 = 0. Calculate the greatest common factor of 80 and i.
40
Suppose 0 = -q - 3, -3*z + 2*q = 91 + 23. Let c be 1 + (-1)/2*z. Let l = 7 - 4. Calculate the highest common divisor of c and l.
3
Suppose -2*f = 5*r - 92, -f - 5*r + 204 = 3*f. Calculate the highest common factor of 504 and f.
56
Let x(i) = i**2 + 43*i + 516. Let o be x(-34). Calculate the greatest common divisor of o and 56.
14
Let q = -7 + 9. Suppose -2 = q*z - 4. Let t be z/4 - (-213)/12. Calculate the greatest common divisor of t and 18.
18
Suppose 2168*s + 3456 = 2171*s. What is the greatest common factor of 9 and s?
9
Let i = 53 + -126. Let k be 5/(-30) + (-2)/(12/i). Calculate the greatest common factor of k and 36.
12
Let b(c) = c**3 - 18*c**2 + 26*c - 23. Let a be b(17). Let j = a - 10. What is the highest common divisor of 24 and j?
24
Let m(j) = 12*j - 502. Let d be m(43). Calculate the highest common divisor of d and 40.
2
Let h = -101 - -127. Suppose h*c - 45 = 21*c. Calculate the highest common factor of 81 and c.
9
Let n(x) = 135*x - 913. Let w be n(7). What is the highest common divisor of w and 176?
16
Let m(u) = -3*u**2 + 91*u + 24. Let y be m(29). Calculate the highest common divisor of y and 35.
35
Suppose -14 + 658 = 46*q. Calculate the highest common factor of q and 322.
14
Let q be 0 - (0 + (-96)/1). Suppose 2*h - 4*m = 18, 3*m - 2*m = 5*h - 18. Let l(o) = 2*o + 6. Let k be l(h). What is the greatest common divisor of q and k?
12
Suppose -21*k + 41 - 20 = 0. What is the greatest common factor of k and 418?
1
Let v be (3/(-5))/((-8)/40) - -49. What is the highest common factor of 13 and v?
13
Let q = 329 - 217. Calculate the highest common factor of q and 280.
56
Let x(n) = 11*n - 13. Let o(w) = -w. Let t(l) = 5*o(l) + x(l). Let u be t(5). Calculate the greatest common divisor of u and 68.
17
Let b be (3/2)/((-6)/(-8)). Suppose 0 = 4*c - 3*m - 57, b*c = 5*c - 2*m - 44. Let u = c - 9. Calculate the highest common factor of 63 and u.
9
Suppose 3*c + 2*c = -2*k + 1258, -3*k = 2*c - 512. Suppose d + c = 6*d. Suppose 3*r - d = -5. Calculate the greatest common factor of 105 and r.
15
Suppose -27*t - 416 = -40*t. Calculate the greatest common divisor of 848 and t.
16
Let j be (-8 - -2)*(-4)/(-6). Let m = 7 + j. Let g(q) = 3*q**3 + 19*q**2 + 78*q + 293. Let p be g(-5). Calculate the highest common divisor of p and m.
3
Let b(h) = 2*h**2 + 14*h + 7. Let a be b(-7). Suppose -12*y = -a*y - 230. Calculate the highest common divisor of y and 23.
23
Suppose 0 = -4*x + 4*a + 4, 4*x = 8*x + a - 14. Suppose 0 = v + 2*r + 1, -x = -2*v + 3*r - 2*r. What is the highest common factor of 9 and v?
1
Let m be 6/10 - 34/(-10). Suppose 35 = m*w - 9. Let h be ((-55)/(-2))/(3/6). What is the highest common factor of h and w?
11
Let g be 2/(((-46)/16)/(-23)). Calculate the highest common divisor of g and 632.
8
Let i be (8/6)/((-4)/(-78)). Let d be ((-26)/10)/((36/(-135))/4). What is the highest common divisor of i and d?
13
Let l be (-2)/2 - 6/(-1). Suppose -y = -l*y - 40. Let r be 6/y + (-286)/(-10). What is the greatest common divisor of 56 and r?
28
Let i be (6/15)/((-1)/(-195) - 0). What is the greatest common divisor of i and 26?
26
Let p(v) = -v**2 - 9*v - 17. Let r be p(-9). Let i = -11 - r. Suppose 0 + i = y. What is the highest common factor of y and 6?
6
Let y(d) = -39*d - 215. Let o be y(-7). What is the greatest common divisor of 406 and o?
58
Suppose 35*i - 12399 = 30861. Calculate the highest common divisor of i and 12.
12
Let p be (1 - 4) + (-17 - -21). Let x be p/((6/(-24))/(10/(-8))). What is the highest common factor of x and 15?
5
Let t be (7 - (-4)/(-2))*16/10. Calculate the highest common divisor of t and 256.
8
Let z be 682/(3 + (-3)/3). What is the greatest common factor of z and 11?
11
Let p = 11 - 14. Suppose -44 = -15*z + 19*z. Let w = p - z. What is the greatest common divisor of 16 and w?
8
Suppose -4*l - 2*w = -58, -4*w - 3 = l - 7. What is the highest common divisor of l and 512?
16
Let c(l) be the third derivative of 11*l**4/24 - l**3/2 - 4*l**2. Let a be c(3). What is the greatest common divisor of 20 and a?
10
Let l be (1 + (-2 - -6))*4. Let i = -111 - -45. Let q = 206 + i. What is the highest common factor of l and q?
20
Suppose -2*s + 0*x = 4*x - 138, -s = -5*x - 41. Let p = s - 49. What is the greatest common divisor of p and 4?
4
Let v = 94 - 80. Let g = 17 - 10. Calculate the greatest common factor of v and g.
7
Suppose -5*b - 58 + 153 = 0. Let y(g) = -g**2 + 22*g. Let h be y(19). Calculate the highest common factor of h and b.
19
Suppose -41*c = -49*c + 24. What is the highest common factor of 732 and c?
3
Let c(u) = 3*u + 24. Let h be c(-13). Let v be (h/(-15))/(1/8). Calculate the greatest common factor of v and 20.
4
Let d = 17 + -15. Let q be (-8)/d - 4*-5. What is the highest common divisor of q and 48?
16
Let b be ((-2)/(-7))/((-102)/(-119))*72. Calculate the highest common factor of b and 16.
8
Suppose 8*t - 45 = 3*t. Suppose -3*o = -t*o + 6. What is the highest common divisor of 2 and o?
1
Let n = 348 - 312. What is the greatest common factor of 324 and n?
36
Let n be (1*2 + (-3 - -4))*3. Let c(v) = -v**2 + 6*v + 34. Let h be c(n). What is the highest common factor of h and 42?
7
Suppose 48*g = 23*g + 825. Calculate the greatest common factor of 1419 and g.
33
Let k(g) = -6*g - 2. Let j(d) = -6*d - 2. Let l(q) = -4*j(q) + 3*k(q). Let n be l(1). Suppose -3*i = i - n. Calculate the greatest common factor of 4 and i.
2
Let f = 84 + -61. Calculate the highest common factor of f and 115.
23
Let h be 1*8*(0 + (-2 - -3)). Let m(l) = 3*l + 46. Let v be m(h). Calculate the highest common factor of 35 and v.
35
Let n(a) = a**3 - 7*a**2 - 3*a + 14. Let o(s) = -s**2 - s - 1. Let j(g) = -n(g) + 2*o(g). Let i be j(3). What is the greatest common divisor of 1 and i?
1
Suppose 5*k = -3*a + 69, -2*a = 5*k - 25 - 16. Calculate the highest common factor of a and 1036.
28
Let j = 50 - -75. What is the greatest common factor of 50 and j?
25
Let t be -3 + 2530/5 + 0. Suppose 2*h - t = r, 0*h + 765 = 3*h + 2*r. What is the highest common factor of h and 23?
23
Let p(h) = -76*h - 144. Let q be p(-4). What is the greatest common factor of q and 40?
40
Suppose 0 = -5*x + 30. Let q(h) = h**2. Let s(o) = -6*o + 8. Let z(l) = q(l) + s(l). Let k be z(x). What is the greatest common factor of 1 and k?
1
Suppose 10*g - g = 270. Suppose 2*p - 58 = -g. Calculate the greatest common factor of 56 and p.
14
Suppose 2*o - 3*o + 18 = 4*i, 5*o - 6 = i. Suppose -268 - 52 = -4*q - 4*p, -o*p = -3*q + 220. Calculate the highest common divisor of q and 38.
38
Suppose 17*a + 96 - 283 = 0. Calculate the highest common divisor of a and 913.
11
Let t = -122 - -125. What is the greatest common divisor of t and 14?
1
Let a = -304 + 678. Calculate the highest common factor of a and 66.
22
Let l(f) = -48*f + 24. Let m be l(-4). Calculate the highest common factor of 36 and m.
36
Suppose 0 = 3*y - 42 - 123. Suppose -o + 2*p - 7 = 0, -o + 4*p - 28 = 3*o. Let a = -2 - o. What is the greatest common factor of y and a?
5
Let s be -9 + -2 + 6 + 7. What is the greatest common divisor of 10 and s?
2
Suppose -w = -u + 2*w + 13, 2*u + 2 = -w. Calculate the highest common factor of u and 25.
1
Suppose -64*t + 124 = -68*t. Let g = -9 - t. Calculate the greatest common factor of g and 33.
11
Suppose 0 = 17*t - 12*t + 170. Let d be (-3 + 5)*2 - t. Suppose z = 3*n - 34, 3*n + 0*n + z = d. Calculate the highest common factor of n and 12.
12
Suppose 1094 = 32*a - 218. What is the highest c